(k) = -4*k - 2. Give q(-4).
14
Let s(m) = -2*m**2 - 4*m - 4. Calculate s(-2).
-4
Let d(p) = -8*p - 17. What is d(-2)?
-1
Let s(x) = -11*x**2 + 3*x + 8. Determine s(3).
-82
Let u(n) = 7*n + 14. Give u(-4).
-14
Let s(q) = q**3 + 12*q**2 - 3*q - 38. What is s(-12)?
-2
Let q(d) = -d**3 + 25*d**2 - 47*d + 22. Give q(23).
-1
Let i(h) = -h**2 + 9*h - 6. Calculate i(7).
8
Let s(t) = t**2 - 4*t - 7. Calculate s(4).
-7
Let i(z) = -6*z + 6. Give i(1).
0
Let h(y) = 3*y + 22. Determine h(0).
22
Let x(w) = -2*w + 3. Determine x(2).
-1
Let g(f) = -f**2 - 4*f + 15. Give g(-6).
3
Let y(m) = 21*m**2 + 7*m - 2. What is y(1)?
26
Let q(p) = p**3 + 8*p**2 - 7*p - 21. Calculate q(-9).
-39
Let d(t) = t**3 - 8*t**2 + 14*t - 45. Calculate d(7).
4
Let x(i) = -i**3 - 20*i**2 - 43*i - 123. Give x(-18).
3
Let d(b) = 3*b - 12. What is d(-8)?
-36
Let a(h) = -12*h**3 + h**2 - 16*h + 16. Determine a(1).
-11
Let m(h) = -4*h + 19. Give m(-4).
35
Let a(u) = u**2 + 11*u + 21. Determine a(-9).
3
Let d(x) = 83*x - 250. Determine d(3).
-1
Let v(q) = q**3 + 14*q**2 + 17*q + 59. Give v(-13).
7
Let d(j) = 8*j - 3. Give d(8).
61
Let f(c) = -5*c**2 + 9*c + 2. Determine f(1).
6
Let b(x) = -x**2 - x - 15. Give b(0).
-15
Let a(t) = 2*t**2 + 19*t + 14. Calculate a(-10).
24
Let m(a) = a**2 - 66. Calculate m(0).
-66
Let j(u) = -2*u**3 + 5*u**2 + 3*u - 4. Give j(3).
-4
Let s(k) = -33*k - 599. What is s(-18)?
-5
Let r(y) = y**2 - 2*y - 26. Calculate r(-8).
54
Let k(x) = x**3 - 2*x**2 + x - 15. Calculate k(0).
-15
Let m(v) = 5*v. What is m(2)?
10
Let l(z) = z**2 + 2*z + 2. Give l(7).
65
Let n(d) = d**2 - 13*d + 32. Give n(11).
10
Let u(n) = 21*n + 22. Calculate u(-4).
-62
Let x(c) = -c**3 - 13*c**2 + 11*c - 8. What is x(-14)?
34
Let g(v) = -15*v**3 + 2*v**2 + 4*v + 2. Calculate g(-1).
15
Let p(h) = 4*h**3 + 3*h**2 + h + 1. What is p(-2)?
-21
Let m(t) = 3*t - 3. Give m(7).
18
Let f(p) = -p**2 - 4*p + 1. Give f(-5).
-4
Let n(i) = -7*i - 120. What is n(-16)?
-8
Let x(j) = j**3 - 13*j**2 + 27*j - 45. What is x(11)?
10
Let k(g) = -5*g**2 - 50*g + 3. What is k(-10)?
3
Let z(r) = r**2 - 25*r + 20. Determine z(23).
-26
Let s(f) = -f + 1. What is s(10)?
-9
Let s(d) = -d**2 - 8*d - 3. Calculate s(-8).
-3
Let k(s) = -s + 2. What is k(-12)?
14
Let q(d) = -43*d**3 - d**2 - d + 1. Determine q(1).
-44
Let l(n) = -n**2 - 14*n - 12. Give l(-3).
21
Let g(d) = -d**3 + 8*d**2 + 7*d + 10. What is g(7)?
108
Let i(k) = -5*k + 5. What is i(4)?
-15
Let i(a) = -4*a**2 - 9*a - 15. What is i(-4)?
-43
Let s(d) = 15*d + 72. Give s(-5).
-3
Let g(f) = f**3 + f**2 - f - 2. Give g(2).
8
Let p(w) = -w - 2. Give p(18).
-20
Let d(k) = 2*k**2 + k + 1. Give d(-4).
29
Let y(a) = a**2 - a - 4. Give y(0).
-4
Let f(d) = -d**3 + 14*d**2 + 18*d. Give f(15).
45
Let p(u) = u**2 + 3*u - 15. Calculate p(-4).
-11
Let x(b) = b**3 - 6*b**2 - 6*b - 14. Determine x(7).
-7
Let i(w) = 2*w**3 - 6*w**2 - 2. Determine i(4).
30
Let d(m) = m - 3. What is d(3)?
0
Let j(b) = -132*b + 661. What is j(5)?
1
Let w(g) = 51*g**2 - 209*g + 10. Give w(4).
-10
Let p(z) = -z**3 - 8*z**2 - 5*z + 12. What is p(-5)?
-38
Let z(j) = -j**2 - 16*j - 24. Calculate z(-6).
36
Let j(g) = 3*g + 10. Calculate j(-7).
-11
Let o(n) = -n**2 + 19*n - 61. Determine o(7).
23
Let l(y) = -y**3 - 6*y**2 - 4. Calculate l(-6).
-4
Let g(j) = -6*j**3 - 3*j**2 - 10*j - 7. Give g(-2).
49
Let m(s) = s + 6. Give m(-21).
-15
Let z(h) = h**3 + 4*h**2 + 5*h + 6. Give z(-2).
4
Let o(a) = -2*a**2 + 5*a - 1. Calculate o(5).
-26
Let a(l) = l**2 - 22*l - 107. Give a(-4).
-3
Let j(z) = z**3 + 12*z**2 + 2*z + 13. What is j(-12)?
-11
Let z(d) = -2*d**3 + 3*d**2 - 3*d + 13. What is z(2)?
3
Let p(v) = v**2 - 9*v - 38. Give p(9).
-38
Let x(b) = -5*b**2. Determine x(2).
-20
Let l(m) = -m + 14. Give l(7).
7
Let w(v) = 2*v + 5. Determine w(-6).
-7
Let t(d) = d**3 - 6*d**2 - 8*d + 4. Determine t(6).
-44
Let y(j) = j**3 - 11*j**2 - 3*j - 14. Calculate y(11).
-47
Let y(p) = 14*p + 7. What is y(1)?
21
Let z(b) = 5*b - 21. Calculate z(-7).
-56
Let o(u) = 5*u + 52. Determine o(-13).
-13
Let w(u) = -13*u + 52. What is w(4)?
0
Let i(c) = -c**3 - 6*c**2 - 8*c - 5. Calculate i(-5).
10
Let d(r) = r**2 - 3*r - 4. Calculate d(-7).
66
Let z(q) = -3*q - 2. Give z(-5).
13
Let m(k) = k**3 + 8*k**2 + 12*k - 9. Determine m(-6).
-9
Let r(a) = -a**2 + 5*a - 3. What is r(4)?
1
Let p(a) = -2*a - 4. Determine p(-4).
4
Let h(x) = 2*x**2 + 16*x - 13. Calculate h(-9).
5
Let h(r) = r**3 - 12*r**2 - 2*r + 9. Calculate h(12).
-15
Let i(a) = a**3 + 7*a**2 + 14*a + 3. Give i(-4).
-5
Let z(t) = -2*t + 10. Calculate z(11).
-12
Let t(f) = 12*f + 32. Calculate t(-7).
-52
Let q(t) = -20*t - 20. What is q(-3)?
40
Let h(j) = 2*j**2 + 8*j - 6. What is h(-6)?
18
Let x(y) = -3*y**2 + 3*y - 4. Give x(2).
-10
Let q(v) = -10*v**2 - 137*v + 46. Calculate q(-14).
4
Let r(a) = -2*a**2 + 12. Determine r(-3).
-6
Let p(c) = 11*c - 691. Determine p(62).
-9
Let m(v) = -15*v - 7. Give m(3).
-52
Let x(l) = -4*l**2 + 28*l + 3. Give x(7).
3
Let h(g) = g**3 - 5*g**2 - 6*g + 8. What is h(6)?
8
Let t(x) = 38*x - 2. Calculate t(-1).
-40
Let b(p) = -p**3 - 15*p**2 - 44*p - 8. What is b(-4)?
-8
Let b(r) = 3*r**2 + 17*r + 6. Calculate b(-6).
12
Let b(j) = -j**3 + 22*j**2 + 76*j - 31. What is b(25)?
-6
Let n(i) = -3*i**3 - i**2 - 2*i. Determine n(-2).
24
Let s(t) = t - 16. Give s(3).
-13
Let b(j) = j**2 + 8*j + 6. What is b(-6)?
-6
Let p(b) = 2*b**3 + b**2 - 7*b + 5. Calculate p(2).
11
Let v(p) = p**3 + 4*p**2 + 6*p + 6. What is v(-4)?
-18
Let g(i) = 3*i**2 - 21*i - 18. What is g(8)?
6
Let l(d) = d**3 + 8*d**2 + d + 8. Calculate l(-8).
0
Let r(z) = 70*z**3 + z**2 + 2*z + 1. Give r(-1).
-70
Let f(k) = -k**3 - 17*k**2 - 32*k - 17. Determine f(-15).
13
Let c(x) = -2*x**3 + 2*x**2 - 2*x. Give c(2).
-12
Let m(j) = j**3 - 11*j**2 - 3*j + 36. Calculate m(11).
3
Let c(v) = -2*v**3 - 4*v**2 + 21*v + 24. Calculate c(-4).
4
Let a(u) = u**3 + 14*u**2 + 15*u + 6. What is a(-13)?
-20
Let x(v) = 4*v - 2. Calculate x(-1).
-6
Let q(x) = x**3 + 7*x**2 + 38. Give q(-8).
-26
Let l(s) = 14*s - 65. Calculate l(4).
-9
Let m(z) = -z - 10. Determine m(-3).
-7
Let u(b) = b**2 + 2*b + 3. What is u(-2)?
3
Let q(y) = -y**3 + y**2 + 4*y + 5. Determine q(3).
-1
Let g(w) = 5*w + 4. What is g(-4)?
-16
Let l(u) = u**2 - 8*u - 10. Determine l(12).
38
Let m(f) = f**2 + 11*f - 10. Give m(-11).
-10
Let r(k) = k**2 + 16*k + 36. Determine r(-11).
-19
Let t(s) = s**3 + 12*s**2 + 6*s + 29. What is t(-12)?
-43
Let v(f) = 57*f**2 - f - 3. Determine v(-1).
55
Let u(z) = -z**2 + 18*z - 24. Give u(16).
8
Let k(d) = d**2 - 21*d + 44. Calculate k(18).
-10
Let c(b) = 11*b - 7. Calculate c(4).
37
Let j(r) = r**2 + 30*r + 179. Give j(-22).
3
Let i(q) = 2*q**3 - 25*q**2 + 15*q + 12. Calculate i(12).
48
Let d(g) = 16*g - 23. Determine d(11).
153
Let l(x) = -x**2 + 27*x - 32. What is l(25)?
18
Let k(h) = -h**2 + 17*h + 26. Calculate k(20).
-34
Let i(n) = n**2 + 4*n + 3. Give i(5).
48
Let f(m) = 4*m + 5. Calculate f(0).
5
Let a(g) = -g**3 - 15*g**2 + g + 19. Calculate a(-15).
4
Let y(r) = 33*r + 13. Give y(-2).
-53
Let n(r) = 8*r - 63. Calculate n(8).
1
Let m(x) = -2*x**2 - 6*x + 3. What is m(-5)?
-17
Let w(x) = 2*x**3 + 41*x**2 + 19*x - 10. Determine w(-20).
10
Let j(q) = q**3 - 7*q**2 - 16*q - 17. Give j(9).
1
Let j(z) = -2*z + 60. What is j(30)?
0
Let f(m) = 11*m - 5. Give f(3).
28
Let d(n) = n**2 + 8*n + 9. What is d(-4)?
-7
Let i(t) = 26*t**2 - 2*t + 1. Determine i(1).
25
Let c(o) = 2*o**3 + 6*o**2 - 8*o - 5. Calculate c(-4).
-5
Let g(l) = 2*l**2 - 5*l + 4. Determine g(2).
2
Let w(o) = o**3 - 8*o**2 + 16*o - 21. Give w(6).
3
Let i(b) = b**3 - 15*b**2 - b + 18. Give i(15).
3
Let a(y) = 6*y - 10. Give a(3).
8
Let n(q) = -q**3 + 18*q**2 - q + 15. What is n(18)?
-3
Let w(v) = 19*v + 103. Give w(-6).
-11
Let c(i) = 173*i + 1378. Give c(-8).
-6
Let w(q) = -q**2 - q + 21. Determine w(5).
-9
Let l(p) = 2*p**3 - 10*p**2 + 6*p - 22. What is l(5)?
8
Let v(l) = -2*l**2 + 9*l - 2. Give v(10).
-112
Let r(p) = -p**2 - 6*p - 4. What is r(-3)?
5
Let h(i) = 3*i**3 - 3*i**2 - 3*i + 6. Determine h(2).
12
Let z(y) = -y**3 - 3*y**2 + 2*y + 3. Determine z(3).
-45
Let v(z) = 2*z**3 - 55*z**2 - 87*z + 2. Calculate v(29).
2
Let u(m) = -2*m**2 + 3*m + 15. Determine u(4).
-5
Let j(i) = 6*i + 16. Calculate j(3).
34
Let y(i) = -i**3 - 29*i**2 + 3*i + 80.